et l(k) = -2159*k - 57. Suppose -2*u = 4*d + 20, 17 = -u - u - 3*d. Is l(u) prime?
False
Suppose 12*c - 79*c = 77*c - 5259312. Is c prime?
True
Let q(d) = 7*d**2 - 11*d + 6. Let z be q(1). Suppose -2*l - z*x = -15230, 2*l - 7615 = l - 4*x. Is l prime?
False
Let h = -185 + 16. Let b = 593 + h. Suppose 0 = -2*p - 5*f + 408, f + 2*f = 2*p - b. Is p composite?
True
Let x(s) = -28254*s - 1477. Is x(-2) a composite number?
True
Let l(z) = -z**3 - 22*z**2 - 28*z - 26. Let r be l(-20). Let c = r + 469. Is c/(-1 - (-4 + 2)) a composite number?
True
Let c = -17 - -22. Let s(n) = -2*n**3 + 98 - c*n + 16*n - 105. Is s(-8) a composite number?
False
Suppose 3078695 = -9*d + 7938632. Is d a composite number?
False
Suppose 3*x = 22*x - 57. Is ((-152253)/(-3) - -4)*x/15 composite?
False
Is 2/2 + 5288010/149 a prime number?
True
Let w be ((-48)/36 - (-1160)/6)*-1. Suppose -m + 5*p = 3*m - 3475, 0 = 2*m - 4*p - 1730. Let z = m - w. Is z a prime number?
False
Let q be 6/14 + (-1235)/(-91) + -7. Let h(y) = 17*y**3 - 16*y**2 + 5*y - 5. Is h(q) a prime number?
True
Let o be ((-6)/36)/(2/6)*0. Suppose 7*j - 10*j + 2712 = o. Let i = 1965 - j. Is i a composite number?
False
Suppose 11*s - o - 13230368 = 0, 22*s - 27*s + 2*o = -6013799. Is s a prime number?
False
Suppose -41*k - 21*k = -471687 + 110041. Is k prime?
False
Suppose 0 = -5*z - 35, -3*p + 4*z = -1317875 - 219608. Is p composite?
True
Let w be 271/3*3 - 4. Suppose 0 = w*y - 273*y + 1830. Is y prime?
False
Is 36/(-6) + 4 + -1 + 68570 composite?
False
Suppose 0 = u - 64 + 52. Let t be -2 - (-4325)/(-6) - 2/u. Let j = t + 3277. Is j composite?
True
Suppose -1 = -2*n + 3*k, -n - k = 3 - 6. Suppose -4*j + 30274 = n*p, 2*p - 4*j - 26633 = 3617. Is p a prime number?
True
Let d = -244 + 246. Suppose -b - 67 = -d*b. Is b composite?
False
Let v(c) = 1726*c**3 + 15*c**2 - 20*c + 41. Is v(4) a composite number?
True
Suppose -5*g = 2*t - 4216, 4198 = 24*t - 22*t - 4*g. Is t a prime number?
False
Suppose 28 + 12 = 8*p. Is (-1)/2 + (77085/6)/p prime?
False
Let r(j) = -2475*j**3 + 2*j**2 + j - 2. Let u be r(1). Is (u/10)/(3/(-45)) composite?
True
Let h(a) = 5*a**2 + a + 1. Suppose 4*n - 39 = 3*v, -4*n = -10*v + 9*v - 45. Suppose -s + 0*s = -5*u + 34, 2*u - n = 2*s. Is h(u) composite?
True
Let r(d) be the first derivative of -d**3/3 + 9*d**2 - 11*d - 113. Let c be 6*3/9*4. Is r(c) composite?
True
Suppose -140755 = -4*w - 5*c, -5*w - 10*c + 8*c + 175965 = 0. Is w a composite number?
True
Let d = -26147 - -27466. Is d a prime number?
True
Suppose -24*d + 20*d = -12. Suppose -z = d*z - 4, 2*z = k - 251. Is k composite?
True
Suppose c = 35 - 36. Is (-5 - c - 1)/(136/(-185096)) a composite number?
True
Let y = -2198 + 7282. Let o = y - -5222. Is o prime?
False
Let a be (12/(-4) - -4)*4. Suppose -3*g + 167 = a*w, 5*w = -g - 4*g + 215. Let j = w - 15. Is j a prime number?
True
Is 1/1 + (5/1)/((-135)/(-13883994)) composite?
True
Suppose 260422 = g - 3*l + 87944, 0 = -5*l + 15. Suppose -g + 28192 = -5*t. Is t prime?
True
Let t(b) = b**3 - 20*b**2 + 28*b - 112. Is t(31) prime?
False
Let l = -2691 - -8204. Is l prime?
False
Suppose -4*c + 1586688 = -6*x + 7*x, 4*x = -3*c + 1190029. Is c composite?
True
Let s(r) = 23*r**3 - r**2 + 6*r + 18. Let n be s(-8). Let f = 22303 + n. Is f composite?
False
Suppose 3*f = 5*f + 16, 0 = j - 2*f - 820971. Is j a prime number?
False
Let v(p) = -4*p**3 - 2*p**2 - 2*p. Let k be ((-55)/(-45) + 8/(-36))/(-1). Let q be v(k). Suppose -q*d - 432 = -15924. Is d composite?
True
Let v be ((-2)/(-23) + (-400)/368)*13. Is ((-91)/v + -8)/((-2)/14902) a prime number?
True
Let x(r) = -67*r**3 + 5*r**2 + 21*r - 43. Is x(-10) composite?
False
Suppose -8*i + 4*i + 288 = 0. Suppose 71*u = i*u - 1651. Is u a prime number?
False
Let k(l) = 102*l - 31. Let j = 40 + 6. Suppose 0 = -3*r + 3*z + 36, 0*r - 4*r + 5*z + j = 0. Is k(r) composite?
True
Suppose 0 = i + 3*z - 113116, 5*i - 309501 = -5*z + 256029. Is i a prime number?
False
Suppose 2*m = -2*c - 16 + 6, 0 = -2*c - 3*m - 15. Let l be (-16 + 6325)*(c - -2). Suppose b + 6132 = -5*p + 27164, b = -3*p + l. Is p a composite number?
True
Let j = 102 - 105. Let u(i) = -22*i**3 + 4*i**2 - 1. Is u(j) composite?
True
Let h(d) = 10305*d - 229. Is h(4) a prime number?
False
Suppose -1962*o = -1964*o + 794. Is o a composite number?
False
Let l(u) = -4*u**2 + 5*u + 4. Let m be (1/(4/3))/((-4)/(-16)). Let n(d) = -5*d**2 + 5*d + 3. Let o(b) = m*n(b) - 4*l(b). Is o(14) a composite number?
True
Suppose 0 = -x + 2*x - 9. Let o be x/(4 + -7) + 11. Is -1*(-4)/o*586 a prime number?
True
Suppose -k + 6*k = -1115. Let y = k - -614. Is y prime?
False
Suppose 5*k - 4*v - 59943 = -0*k, -k + 11979 = 4*v. Suppose -2916 = -o + 5*m + 3100, 2*o - k = m. Is o a prime number?
False
Let n = 312652 + -213290. Is n a prime number?
False
Suppose -8*j + 91484 = 7612. Suppose 2*u - j = -w, -15*u = -3*w - 11*u + 31402. Is w prime?
False
Let k(p) = 13789*p**2 - 18*p + 4. Is k(-5) a prime number?
True
Let q = 10110 + -4932. Let h = q - 3077. Is h a composite number?
True
Let s be 1 + (4/10)/((-2)/(-5)). Suppose 0 = 5*o - 4*t - 13065, 2491 = s*o + 4*t - 2707. Is o a prime number?
True
Suppose 5*o - 76729 - 142601 = 0. Suppose -29*v - o = -250433. Is v prime?
False
Let g(m) = m**2 + 4*m - 33. Let p be g(-9). Suppose -7*r = -11*r + p, 2*r - 394 = -2*f. Is f prime?
False
Suppose 4447*w - 4442*w - 10702205 = 0. Is w prime?
True
Let k = -110 + 121. Let x(f) = 18*f - 107. Is x(k) a prime number?
False
Let k(i) be the first derivative of 37*i**4/4 - i**3/3 + 2*i**2 - i + 5. Let t be k(3). Suppose 4*c - 827 - t = 0. Is c a composite number?
False
Let d be (4/6)/((-58)/(-18) - 3). Suppose 6*k - 6668 = -5*z + 5*k, 0 = -d*z - 4*k + 4011. Suppose -273 = 4*f - z. Is f composite?
True
Let b be (2714/(-6))/((-1)/(-2 + -1)). Let g = 2937 + b. Suppose 15*r = 11*r + g. Is r composite?
True
Let u = 1035 + -2031. Suppose -11*w - 10298 = 6191. Let s = u - w. Is s prime?
True
Let y = 593233 - 321662. Is y composite?
False
Suppose 6335093 = 20*v - 14064927. Is v a prime number?
True
Let m = 0 - 1. Suppose 20*z - 15*z - 15 = 0, -3*i + 2535 = z. Is ((-3)/12)/(m/i) a prime number?
True
Let h(p) = 5628*p + 2363. Is h(12) a composite number?
False
Let v(b) = 10*b - 43. Let m(o) = -41*o + 173. Let z(r) = -2*m(r) - 9*v(r). Suppose -g + 149 - 162 = 0. Is z(g) a prime number?
False
Let w(v) = 625*v + 23. Let u be 18 - ((-2)/5)/((-12)/30). Let g be w(u). Suppose -5*l = -g + 1653. Is l a composite number?
True
Suppose 0*n + z + 7948 = -2*n, 5*n = z - 19863. Suppose 12*x - 2*x + 112240 = 0. Let d = n - x. Is d a prime number?
False
Suppose -f = -4*z + 5*z - 7055, -5*f + 35291 = -3*z. Is f a composite number?
False
Let m be 1223932/943 + 2/23. Let x = -85 + m. Is x a prime number?
True
Suppose -43 - 17 = 4*u. Is 6/u*317*930/(-12) prime?
False
Suppose 4*y + 14 = 2*i - 8, y = i - 4. Let n(q) = -6*q**3 + 5*q**2 - 10*q - 11. Is n(y) composite?
True
Let w be (17937/2)/(-6 + (-11)/(-2)). Is ((-6)/(-18))/((-3)/w) prime?
True
Suppose -7012 = 2*l - 6*l. Let u = l + 7404. Is u composite?
False
Suppose 6*x - 5*x = w + 94880, w + 189753 = 2*x. Is x a composite number?
False
Let x = -2842 - -2842. Let y(m) = 3148*m - 1. Let w be y(1). Suppose -4*a + w - 455 = x. Is a a prime number?
True
Suppose -6*w = 3*i - w - 28, w = -2*i + 14. Let j be 899 - ((-6)/(48/(-40)) - 14). Is j - (7/((-14)/i))/1 prime?
True
Suppose 107738 = -d + 2*y + 320064, -3*d = -3*y - 636984. Suppose d = 5*n - 10*n. Is n/(-17)*1/2 composite?
False
Suppose p - 10902 = 5*l, -l = -3*p + 42584 - 9934. Let i = p - 2904. Is i composite?
True
Let w(v) = -v**2 + 26*v + 9. Let g(r) = -r**2 + 11*r + 1. Let o be g(11). Let y be (o + 0)/(23/161). Is w(y) composite?
True
Let h(c) = c + 37. Let d be h(-13). Suppose -3*l - 3706 - 9344 = 0. Is d/84 + l/(-14) prime?
True
Let u(y) = 64*y + 64*y + 24 - 131*y. Let r be u(7). Suppose 3*t - 2*m = r*m + 1355, -m - 449 = -t. Is t composite?
True
Suppose 4 = -8*z + 36. Suppose 5 = 4*h + n, h + z*n = -h - 8. Suppose 4*y - 5*i = 4747 - 608, 3*i = h*y - 2071. Is y a prime number?
True
Is (-93907*7/(-7))/1 a prime number?
False
Let s = 360 - 360. Let c(b) = -9*b + 5578. Is c(s) prime?
False
Suppose -5*r - 820 = 6*k - 11*k, 0 = -2*r + 3*k - 324. Is 5444*6*(-7)/r a com